 q(c). What is the highest common factor of 24 and p?
12
Suppose 0 = 8*a - 47 - 25. Suppose -2*j - 714 = -a*j. What is the greatest common divisor of j and 68?
34
Let p(s) = -15*s - 75. Let a be p(-7). Suppose 0 = 2*h - 2*g - 304, 2*h + 460 = 5*h - 5*g. What is the greatest common factor of h and a?
30
Let d be 3 - (-2)/(-1)*(-15)/(-30). Let l = 4 + -7. Let x be (-4 - (-6 - l)) + d. What is the greatest common factor of x and 3?
1
Let s be (10/100)/(1/(-4))*-305. Suppose -3*v = -2*m - s + 22, -4*v - 4*m + 120 = 0. What is the greatest common divisor of v and 48?
16
Suppose -5*p = 5*f - 475, p - 32 = 3*f + 59. Let u = -56 + p. Let s(o) = o**3 + o + 95. Let r be s(0). What is the highest common factor of u and r?
19
Let h(s) = 5*s**2 - s**3 - s - 3 + 4*s - 8 + 1. Suppose 4*p + 3 = 3*i + 4, 3*p = -i + 17. Let o be h(i). Calculate the greatest common divisor of o and 5.
5
Suppose -3*r = -3*d - 45, 4*r + d + 10 - 75 = 0. Suppose 5*t = 4*t + 8. Calculate the highest common divisor of r and t.
8
Let w = -18 - -114. Let x be (-1)/5 - w/(-5). Suppose -3*u - 4*y = -387, 5*u + 2*y - 6*y = 677. Calculate the greatest common factor of x and u.
19
Suppose 168 = 5*s + s. What is the greatest common divisor of 700 and s?
28
Let a = 47 - 43. Suppose a*h = 2*h + 52. Calculate the greatest common factor of h and 65.
13
Suppose -268 = a - 1420. Let l be ((a/15)/2)/(4/30). Calculate the greatest common divisor of 32 and l.
32
Let p(q) = 24 + 3 + 8*q - 3*q. Let t be p(-4). Calculate the greatest common factor of 7 and t.
7
Suppose -2*l + 99 = 3*k, 3*l + 4*k - 150 = k. Let u = l - 46. Calculate the greatest common divisor of 40 and u.
5
Let l(c) = 37*c - 505. Let b be l(25). What is the highest common divisor of 105 and b?
105
Let r be 20/(-6)*(-1701)/105. Calculate the greatest common factor of 54 and r.
54
Let m = -17 - -25. Let o(z) = 6*z + 2. Let j(y) = -y. Let w(b) = j(b) + o(b). Let q be w(6). What is the highest common factor of m and q?
8
Let i be 8 + -10 + 1000 - -3. What is the greatest common divisor of 182 and i?
91
Let m(j) = -j**3 + 3*j + 1. Let z be m(-2). Let n be (2/6)/(5/(-15)). Let h be (2*(2 + -3))/(n + 0). Calculate the greatest common factor of z and h.
1
Let u(i) = i**2 + 3*i - 1. Let l be u(-4). Suppose -p + l = 0, -3*p + 363 = 3*v - 255. Calculate the highest common factor of 29 and v.
29
Suppose -2*z - 2*i = -4*z + 4, -2*i = -10. Let l = z - 11. Let f be 6/2 - (-8)/l. Calculate the greatest common factor of f and 9.
1
Suppose 1082 = 2*m + 1064. What is the highest common factor of m and 21?
3
Let j = -173 + 225. Let d be (-3)/6 - (-81)/6. Calculate the highest common divisor of j and d.
13
Let j = -566 - -578. What is the greatest common factor of 9 and j?
3
Let x(v) = -4*v - 10. Let y be (-2)/3 - (-12)/54*-24. Let u be x(y). What is the highest common factor of 56 and u?
14
Let j be (2/2 + 1)*1. Let o = 30876 - 30871. Calculate the greatest common divisor of j and o.
1
Let l be ((-10)/3)/(6/(-9)). Let s(o) be the second derivative of o**4/12 - 5*o**2/2 - o. Let y be s(l). What is the highest common divisor of 5 and y?
5
Let w = 83 + 79. What is the greatest common divisor of w and 18?
18
Suppose -9*g + 4*g = 150. Let i be g/9*(-72)/10. What is the greatest common divisor of i and 168?
24
Let m be 79 - (-4 - 1*-2). Let n(b) = -3*b - 21. Let r be n(-7). Suppose r = -3*z - 1 + 28. What is the greatest common factor of z and m?
9
Let z = -108 - -190. Let m = z - 75. What is the highest common factor of m and 161?
7
Suppose 95*o - 16512 = 89*o. What is the greatest common divisor of o and 43?
43
Let z(j) = 7*j - 45. Let x be z(9). Suppose 9 = -0*b + 3*b. Suppose 0*a + b*a = 108. Calculate the greatest common divisor of a and x.
18
Let k be 10 - -2*(-2)/(-4). Let r = 245 + -36. What is the highest common divisor of r and k?
11
Let m = -1786 - -1792. Calculate the greatest common divisor of m and 64.
2
Suppose 5*a + 3 = -2*g, -3*a - 13 = -2*g + 8. Suppose 0*w + 756 = 84*w. Calculate the greatest common factor of w and g.
3
Let y = -9 + 14. Let z(o) = 21*o - 88. Let b be z(12). Suppose -b - 166 = -y*r. What is the greatest common divisor of 33 and r?
33
Let o(i) = -14*i + 275. Let s be o(19). Suppose -4*h = r - 101, -3*r + 17 + 36 = 2*h. Let m = 38 + h. What is the greatest common factor of m and s?
9
Let d(s) = s**3 - 2*s**2 - 19*s - 16. Let y be d(6). Calculate the greatest common divisor of 378 and y.
14
Let y = 79 + -76. Suppose 4*q - 8*d = -13*d + 287, -y*d = 15. What is the greatest common factor of q and 26?
26
Suppose 0*g = 3*g - 6. Suppose 4*u = 14 + g. Suppose -365 = -39*f + 25. What is the highest common factor of u and f?
2
Suppose -5*u + 1685 = -5*h, -12*u + 4*h = -17*u + 1730. What is the highest common divisor of 38 and u?
38
Suppose 2*c + 221 = 371. What is the highest common factor of c and 105?
15
Suppose -17*q = -23*q + 30. Suppose 15 = 5*n, 3*n - 2*n = q*z - 822. Calculate the greatest common divisor of 66 and z.
33
Let c = -210 - -255. What is the greatest common factor of 25 and c?
5
Suppose -6 = -5*i - 1. Suppose -4*a + 4*y + 31 = 9*y, 5*y = 4*a - 41. Let r = a + i. Calculate the highest common divisor of 4 and r.
2
Suppose 453*k = 450*k + 1350. Calculate the greatest common divisor of 50 and k.
50
Let q(t) = -9 - t + 9*t**2 + 6*t + t**3 + 2. Let g be q(-8). Let m(o) = o**2 + 11*o + 8. Let x be m(-15). What is the highest common divisor of g and x?
17
Suppose -4*g + 55 = 7. Suppose -j + 13 = d, -6 - 24 = -5*d + 2*j. What is the greatest common divisor of g and d?
4
Let o = 236 + -116. Suppose 15*x - o = 5*x. Calculate the greatest common divisor of x and 30.
6
Suppose 1 = t - 3. Suppose -10 = -y - t*y. What is the highest common factor of 1 and y?
1
Let r(p) = p**3 + 4*p**2 - 15*p - 18. Let w be r(-4). Suppose -2*b + 7*b - 80 = 5*a, 3*b - 4*a - 50 = 0. What is the greatest common factor of b and w?
14
Let w = 398 + -148. Let p = w - 129. Calculate the greatest common divisor of p and 11.
11
Let q(i) = 10*i**2 + 3*i + 2. Let o be q(-2). Let d be -3 + 7 - (-64 - (-2 - 1)). Let g = d - 41. What is the greatest common factor of g and o?
12
Let r(i) = -i**3 + 28*i**2 - i + 31. Let v be r(28). Let q be (6 - v) + 0 - -14. What is the greatest common factor of q and 136?
17
Let x(q) = q + 3. Suppose 0 = -5*y - y. Let i be x(y). Let o be (i + -1)*(1 + 5). Calculate the greatest common divisor of o and 6.
6
Let f(y) = 2*y + 39. Let b be f(-18). What is the highest common divisor of 3 and b?
3
Let d(p) = p**2 - 7*p + 6. Let y be d(4). Let v be (-1 + -1)/y + 194/3. What is the highest common divisor of 26 and v?
13
Let g(h) = 21*h + 214. Let l be g(-9). Suppose -2*k - 550 = -4*k. What is the highest common divisor of k and l?
25
Let u(l) = 5*l + 22. Let d be u(-3). Calculate the greatest common divisor of 91 and d.
7
Let d = -471 - -661. Calculate the highest common divisor of 38 and d.
38
Suppose 4*s - 8 = 172. Calculate the highest common divisor of 45 and s.
45
Suppose 4*q - q + 15 = 0, 35 = 2*d - 5*q. Suppose -5*t - 52 = -3*f, d*f - 80 - 44 = -t. What is the greatest common divisor of 6 and f?
6
Let h(z) = 2*z - 7. Let l be h(13). Suppose -4*d + l = -9. Suppose -89 - d = -3*r. Calculate the greatest common divisor of r and 4.
4
Suppose 5*i = 15, 8*h + 3*i = 6*h + 789. Calculate the highest common factor of h and 78.
78
Let p(n) = -n**2. Let h(k) = k**3 - k**2 + k - 200. Let m(g) = -h(g) + 2*p(g). Let d be m(0). What is the highest common factor of 25 and d?
25
Suppose 3*y = -4*y + 525. What is the highest common divisor of y and 3?
3
Let x(g) = -3*g - 131. Let q(y) = -y - 33. Let s(h) = -9*q(h) + 2*x(h). Let j be s(-10). What is the highest common factor of j and 45?
5
Suppose -5*c = -g + 22, 5*g - c + 10 = -0*g. Let i be 47 + (-5 - (g - 2)). What is the greatest common divisor of 423 and i?
47
Let m be (-2 - (3 + -3))*1/(-2). Let g be (-4)/2 - m - -32 - 3. Calculate the greatest common factor of 286 and g.
26
Suppose -15 = 4*s - 31. Suppose 4*v = -5*q + 22 + 53, -s*v = -q - 57. Calculate the greatest common factor of v and 20.
5
Let q(g) = -g**3 + 5*g**2 + 3. Let t be q(5). Suppose 5*f - 11 = 4, 0 = -k + 5*f + 9. Suppose 2*c = -2*c + k. What is the greatest common divisor of t and c?
3
Suppose 4*n - 656 = -3*s, 4*s + 2*n + n -